pose 4*h = 2*o + 2 - 84, -41 = -o - 5*h. Suppose -2*q = -y + o, 4*q = 2*y + y - 117. Is y a prime number?
False
Let k be 2 + (-2 - -27 - -3). Let s = k + 15. Suppose -4*c + c = -s. Is c a prime number?
False
Let c(w) = -w**3 - 24*w**2 - 21*w - 35. Is c(-25) a composite number?
True
Let y be 1*8 + 2 - 1. Let i be ((-82)/(-6))/(3/y). Let v = i + 26. Is v a prime number?
True
Let p(f) = -f**3 - 5*f**2 + 7*f + 11. Let s be p(-6). Is s/(-30) - (-187)/6 a composite number?
False
Let q = 728 + -335. Suppose q - 12 = 3*w. Is w a prime number?
True
Let a be 3714/9*(-9)/(-6). Is -3 + a + 0 - 3 a composite number?
False
Let y(r) = 67*r + 4. Let v be y(3). Let b = 494 - v. Suppose b = 4*w - 43. Is w prime?
True
Let b be (4 + -1)*1 - 1. Let t(g) = -g**3 + 2*g + 1. Let y be t(b). Is (9/6)/(y/(-52)) a composite number?
True
Let o(g) = 454*g - 7. Is o(2) prime?
False
Suppose -1 = -5*a - 6. Let u(q) = 53*q**2 - 3*q - 1. Let t(z) = -213*z**2 + 13*z + 4. Let r(g) = 2*t(g) + 9*u(g). Is r(a) prime?
False
Let k(g) = -10*g + 14. Suppose 0 = l - 1, l = 5*x + 15 + 26. Is k(x) a composite number?
True
Let c = 14 - 11. Let k = 10 - 7. Suppose 0 = -k*z + 4*d - 0 - 11, -c*d + 15 = 0. Is z composite?
False
Suppose w + 3 = 1. Let o be w - (1 - (-6)/(-1)). Suppose o*q - 455 = -2*q. Is q prime?
False
Let j(o) = -o**3 - 3*o**2 - o + 2. Suppose 0 = l - 2 + 7. Is j(l) prime?
False
Suppose w + 3*w = -2*l + 4046, 4*l - 20 = 0. Is w a prime number?
True
Let s(u) = 4*u**2 + 3. Suppose 0 = 4*j - j + 12. Is s(j) a composite number?
False
Let w(g) = -229*g - 1. Let o be w(-2). Suppose -u = -4*u + 4*l + o, l = 5*u - 773. Is u composite?
True
Suppose 9*j = 4*j + 5. Is j/3 - 58/(-6) a composite number?
True
Suppose 4*z = -4*d + 56, 3*z - 4*z = 5*d - 78. Suppose v = -4*v - 4*u + d, 0 = 4*v - 5*u - 21. Suppose -v - 48 = -4*h. Is h prime?
True
Let a(c) = 12*c**2 - 9*c - 5. Is a(-4) a composite number?
False
Let k be (10/3)/(4/42). Let h be (17*-2)/((-10)/k). Is 3*-3*h/(-21) a composite number?
True
Is 1/(((-3)/267)/(-1)) composite?
False
Is 1 + (8 - 7)/((-1)/(-508)) a prime number?
True
Let t(c) = c**3 - 4*c**2 - 7*c + 6. Let p be t(5). Let h(n) = -3*n**3 - 2*n**2 + 3*n - 5. Is h(p) a prime number?
False
Suppose 0 = -4*h + 5*h + 2*g - 2608, h + 5*g = 2611. Is h composite?
True
Let t(b) be the third derivative of -b**4/24 + 2*b**3/3 - 4*b**2. Let l = 4 - 10. Is t(l) a prime number?
False
Let p be 112/18 - 6/27. Let k(t) = t**2 + 8*t + 5. Is k(p) prime?
True
Let n(k) = k**2 - 6*k + 4. Is n(11) a prime number?
True
Let a(r) = 17*r - 6. Is a(11) composite?
False
Let x be 6/(-9) + 11/3. Let m(w) = -w**2 - 4*w. Let h be m(x). Let f = h - -43. Is f a prime number?
False
Let m be (24/20)/((-4)/(-30)). Let d be (-19)/(-4) - m/12. Let p(y) = 5*y**2 - y - 2. Is p(d) prime?
False
Suppose 2*h - 4*h + 4 = 0. Suppose 2*g - 2*c + h = -0*g, -3*g + 18 = 4*c. Suppose 0 = 2*v + g*v - 52. Is v prime?
True
Is ((-538)/8)/(6/(-24)) composite?
False
Suppose 14 = 2*d - 0. Let p(a) = 17*a - 8. Is p(d) a composite number?
True
Let u(v) = v + 1. Let p be u(3). Suppose 0 = p*w + w + 180. Let g = w - -89. Is g composite?
False
Suppose 9 = 5*k + 4*x, k - 5 = -x - 3. Let h be 80 + (-2 - -1) + k. Let v = -37 + h. Is v prime?
True
Let m(d) = -10*d**3 - 5*d**2 + 4*d + 10. Is m(-5) a prime number?
False
Let q be 4/(-1 + 5)*3. Suppose 0*k - q*k + 489 = 0. Is k a composite number?
False
Let r = 3 + -3. Suppose -4 = -4*h, -2*y - 4*h + 0*h + 14 = r. Suppose 2*z = y*s - 2*z - 257, -4 = -2*z. Is s prime?
True
Suppose -7 + 4 = 3*u. Let j(y) = 252*y**2 - y - 2. Is j(u) prime?
True
Suppose -2*v + v = -16. Suppose -w - v = -5*w. Suppose 167 = 5*a + d - 4*d, -a - w*d + 15 = 0. Is a a prime number?
True
Let v = 6366 + -4327. Is v prime?
True
Suppose 5*z - 15 = -0. Suppose 0 = 3*h - z, -2*y - h = -9. Suppose -5*k - 364 = -y*n - k, 4*n = -4*k + 396. Is n a prime number?
False
Suppose -j = -3*j + 14. Let i(g) = 134*g + 9. Is i(j) prime?
True
Let m(j) = -2*j**2 - 4*j + 6. Let h be m(-7). Let y be h/6 + (-12)/(-18). Is (-914)/y - 4/10 a composite number?
True
Suppose -1446 = -3*g + 3*h, 3*h = -7 - 2. Is g prime?
True
Suppose 0 = s + d - 40 + 4, -2*d - 36 = -s. Let u be s/(-15) - (-4)/10. Is (73 + 1)/((-4)/u) composite?
False
Let a = 4 - -63. Suppose a = 4*l + 11. Is (-2 - -1)/(-1)*l a prime number?
False
Suppose 0 = 3*h - 5*h + 1582. Is h a composite number?
True
Let l(p) = p**2 - 5*p - 5. Let d be l(6). Let z(j) = -j + 3. Let s be z(-5). Let h = s - d. Is h a composite number?
False
Suppose 5*b + 4*u = 158, -108 = -3*b + 2*u - 0*u. Is 2 + -2 + b + 0 prime?
False
Let t(o) = -1 - 6*o + 0 - 1. Let l be (-1)/(52/16 - 3). Is t(l) prime?
False
Let f(x) = -12*x**3 - x**2 + 4*x + 4. Is f(-3) a composite number?
False
Let a = 25 + 13. Is 4*(3 + a/8) composite?
False
Let o = 580 - -25. Let x = 913 - o. Suppose x = -4*t + 8*t. Is t a prime number?
False
Let f = 7 + -7. Suppose -3*c = -f*c - 159. Is c a prime number?
True
Let v(y) be the second derivative of 5*y**4/3 - y**2/2 + 2*y. Is v(3) prime?
True
Let v = 93 - -610. Is v a composite number?
True
Suppose u + 167 - 1393 = -4*s, 1232 = 4*s - 2*u. Is s prime?
True
Let j be 1/(-2 - (-50)/24). Let o be (3*j/9)/1. Suppose -m + 209 + 320 = 4*a, 0 = -4*a - o*m + 520. Is a a composite number?
True
Let z be 1/(4/(-8)*1). Let q = 11 - z. Is q a composite number?
False
Suppose -984 = -4*m - 4*z, 2*z - 6*z = 20. Is m a prime number?
True
Let a(s) = -11*s + 8. Let w be a(-9). Suppose -3*p + w = 14. Is p prime?
True
Let g(a) = -6*a + 11. Let k be g(14). Let j = 214 + k. Is j a prime number?
False
Let m(o) = 370*o + 81. Is m(11) a prime number?
False
Is 6*(-4)/(-18)*(-9732)/(-8) a prime number?
False
Let o(n) = 11*n**2 - 3*n - 1. Let l(y) = -y**2 + y + 3. Let g be l(0). Is o(g) a composite number?
False
Let n(x) = 8*x**3 - 5*x**2 + 4*x + 4. Let s be n(4). Suppose 5*q - s - 63 = 0. Is q a prime number?
True
Suppose r + 5 = -2*s, -s - 2*s + 5*r = 1. Is 46*(0 + -1 - s) prime?
False
Suppose -5*k + 60 = -5*j, 42 = 5*k + 2*j - 18. Suppose v = -2*f - 3*v, 4*f - 4*v = k. Suppose f*b = -0*b + 26. Is b prime?
True
Let a(i) = 41*i - 24. Is a(17) a prime number?
True
Let b be 159 - (2 + -1)*-2. Suppose 2*i = -f - 3*f, -10 = 5*f. Suppose 0 = i*u - 5*u + b. Is u a composite number?
True
Let a(y) be the second derivative of y**4/12 + y**3/6 + 103*y**2/2 + 4*y. Is a(0) composite?
False
Let w(q) = -5*q. Let y be w(-1). Suppose 0*f + f = y. Suppose -f*l + 0*l = 5*z - 405, 2*l - 164 = -3*z. Is l composite?
False
Suppose -r - 754 = -0*r. Is -7 - r - 1*-2 a prime number?
False
Suppose -a - 278 = -2*m + 4*a, -737 = -5*m + 2*a. Is m a composite number?
False
Suppose 0 = j, 1 = -3*s + 3*j + 4. Suppose l = s + 4. Suppose -l*y = -y - 196. Is y a prime number?
False
Let l be 2/2 - 3/3. Let w(a) = a**2 + a + 4. Let n be w(l). Suppose -85 = n*v - 321. Is v a prime number?
True
Let n be (-22 - -1)/(3/(-20)). Suppose -5*l = -5*m - n, 5*l + m + 3*m - 122 = 0. Suppose w - l - 11 = 0. Is w prime?
True
Let c = 1 - -2. Suppose c*b + 447 = 6*i - 3*i, 0 = 5*i + 5*b - 745. Is i a composite number?
False
Suppose 0*w - 27 = -w. Suppose k + 5*v = 94, -5*v - w = -k + 37. Is k composite?
False
Let n(o) = 15*o + 14. Let j(s) = 5*s + 5. Let m(l) = 7*j(l) - 2*n(l). Let g be m(7). Let v = g - 19. Is v a prime number?
True
Let v(a) = -4*a - 8. Let g be v(-3). Suppose -321 = -5*o + u, g*o + 0*u = -3*u + 272. Is o composite?
True
Is ((-2195)/20)/(3/(-12)) a composite number?
False
Let z(g) = -3 + 0 + 3*g**2 - 4*g - 4 - 2*g**2. Is z(15) composite?
True
Suppose 40 = -2*n - n + 2*h, -h = n + 5. Let i be (n/(-6))/(3/27). Let k = 25 - i. Is k prime?
False
Suppose 0 = -q - 5*o + 127, -q + 3*o = 5*o - 121. Suppose 5*n - 148 = q. Suppose -4*t + h = -n, 85 = 5*t - h + 19. Is t a prime number?
True
Let b = -182 + 627. Is b composite?
True
Let n(p) be the first derivative of -p**3/3 - 5*p**2/2 + 7*p + 3. Let l be n(-7). Is 3/(((-21)/22)/l) prime?
False
Suppose -4*r + 1257 = -r. Is r a composite number?
False
Suppose -7*y = -4*y - 537. Is y prime?
True
Let d be 192/108 + (-4)/(-18). Suppose -d*o + 8*o - 1074 = 0. Is o a composite number?
False
Let d(z) = z**2 + 9*z + 2. Let t be d(-10). Suppose -2*b - 3*j = -t, 0 = 3*b + b + 3*j - 12. Suppose 3*m - m - 30 = b. Is m a prime 